k - 0. Suppose -2*s + 4*h - g = s, h = 5. What is the units digit of s?
6
Suppose -3*n - 1 = -16. Suppose u + n*g = 28, -3*g = 4*u - g - 40. What is the units digit of u?
8
Suppose m + m = 0. Suppose 2*t + m*k - 5*k - 24 = 0, -t = -5*k - 17. What is the units digit of t?
7
Suppose -30 = 4*f + 2*d, 7*f - 4*d = 5*f + 10. Let z = f - -10. Let n = 3 + z. What is the units digit of n?
8
Let r(a) = -3*a**2 + 2*a + 2. Let l = 0 + 2. Let h be r(l). Let w(t) = t**3 + 5*t**2 - 8*t - 1. What is the units digit of w(h)?
1
Let i(y) = 12 + 6 - y + 3 - 3. What is the units digit of i(-14)?
2
Let q(k) = 6*k**2 - k - 3. Let z be q(-3). Suppose -c - z = -5*h + 2, 10 = h + c. Let w = h - 6. What is the units digit of w?
5
Suppose 2*k + 5*p - 33 = -125, -4*k - 152 = 2*p. Let o = k - -61. What is the units digit of o?
5
Suppose -9*k = -319 - 806. What is the tens digit of k?
2
Suppose -2*x - x = 36. Let a be (-4)/(-6) - 292/x. Suppose 4*d = 5*g - a, g = 4*d + 26 - 5. What is the units digit of g?
1
Let c = -4 + 27. What is the tens digit of c?
2
Let d(w) = -21*w**3 + 2*w**2 + 2*w - 1. What is the hundreds digit of d(-2)?
1
Let p(l) = -l + 12. Let b be p(6). Let x be (b/8)/(2/8). What is the units digit of 6/3 + x + -2?
3
Suppose 0 = -n + 2*n - 6. Suppose -3*f = -n*f - k + 36, 3*f - 27 = -4*k. What is the units digit of f?
3
Let f be -2 + 4*(-6)/(-8). Let g(v) = 42*v**3 - v**2 + v - 1. What is the tens digit of g(f)?
4
What is the tens digit of 1*-8*(-52)/8?
5
Let g = -4 - -6. Suppose 3*u + g*u = -10. What is the units digit of u/(-8) + (-14)/(-8)?
2
Let y(l) = -2*l - 5. Let i be y(-5). Let n(f) = f + 1. Let g be n(3). Let c = i - g. What is the units digit of c?
1
Let f = -1 - -4. Suppose -39 + 18 = f*t. Let n = t + 14. What is the units digit of n?
7
Let s(q) = -q**2 - 11*q + 9. Let g be s(-11). Let n be 3/(-2)*(-30)/g. Suppose -2*o - h = o - 27, -n*h = -3*o + 27. What is the units digit of o?
9
What is the tens digit of -2 + (6 - 3) + 40?
4
Let m(k) = k**3 + 4*k**2 - k - 6. What is the units digit of m(3)?
4
Let n be 27 - (1 - (2 - -1)). Suppose 2*g + 2*c - 109 = -n, 3*g = -2*c + 119. What is the units digit of g?
9
What is the units digit of 2 + (-1)/(3/(-678))?
8
Let g = -28 + 47. Let m = 38 - g. What is the tens digit of m?
1
Suppose 2*s + z = -3 + 13, -10 = -3*s + z. Let b be -2*2/s - -3. Suppose 4*l + b*j = -2*j + 4, -15 = -5*l - 3*j. What is the units digit of l?
6
What is the tens digit of (-2 - -42) + (-1)/1?
3
Suppose 2*q - 47 - 146 = -5*k, 3*k - 113 = -4*q. What is the tens digit of k?
3
Let d be 1/2*(-64)/(-4). Let y be 6/4*(1 - -1). Suppose -d = -4*k, -2*m + 26 = 2*k + y*k. What is the units digit of m?
8
Let f(s) be the second derivative of 2*s**3/3 + 2*s**2 - 3*s. Let l be f(4). Suppose -4*c + l = -3*c. What is the tens digit of c?
2
Let i = 1126 - 732. What is the units digit of i?
4
Let n(g) = 2*g - 10. Let l = -29 + 40. What is the tens digit of n(l)?
1
Let y be 0/(-1) + -1 + 4. Suppose 0 = y*j - 5 - 7. Suppose j*p = -6 + 42. What is the units digit of p?
9
Suppose 0*i + 3*i = 3*v - 6, 3*i = -3*v + 24. Let r be 2/2 + 1*i. Suppose -20 = -8*p + r*p. What is the units digit of p?
5
What is the hundreds digit of -12*61*(-1)/4?
1
Let t = -30 + 67. What is the units digit of t?
7
Suppose 0 = 5*w - 31 + 11. Suppose 0 = -w*i - 0 + 8. What is the units digit of i?
2
Suppose 0*r = -r + 2. What is the units digit of 1/r*(-18)/(-1)?
9
Suppose 5*c - 9 = 26. What is the units digit of c?
7
Suppose 3*r = -2*n + 10 + 53, -205 = -5*n + 2*r. What is the units digit of n?
9
Let w = 19 - -3. What is the tens digit of (-260)/(-22) + 4/w?
1
Suppose 2*k + 2 = -26. Let r be 1 + 4*(-2 - k). Suppose 5*w = -3*q + r, 3*w - 15 - 10 = -4*q. What is the tens digit of w?
1
What is the hundreds digit of (-12)/54 + 9645/27?
3
Let h be -2 - 1 - (-46 - -15). Let q = h + -8. What is the tens digit of q?
2
Let j = 5 + -4. Let i = j - -1. What is the units digit of i?
2
Let w be 4/(-26) + (-2)/(-13). Suppose 0*b = 5*c - b - 7, w = 2*c - 2*b + 2. What is the tens digit of (-72)/(-7) + c/(-7)?
1
Suppose x = -4*h + 214, 2*h = -h - x + 160. What is the tens digit of h?
5
Let d = -3 - -14. Let n = d + 17. What is the tens digit of n?
2
What is the tens digit of (2 - 345/6)*(-6)/9?
3
Suppose -2*d = 5*p - 2*p + 44, 65 = -5*p - 5*d. Let g = p + 32. Suppose u = -u + 2*l + g, 4*l + 39 = 5*u. What is the tens digit of u?
1
Let v(i) = 4*i - 25. Let a(m) = 4*m - 24. Let c(x) = -6*a(x) + 5*v(x). What is the tens digit of c(-9)?
5
Suppose 0 = -3*o + 140 - 29. What is the units digit of o?
7
Let n = -17 - -64. Suppose -4*i + 3*l = -n, 2*i = -2*i + 5*l + 49. What is the tens digit of i?
1
Let w(r) be the second derivative of 7*r**3/6 - r**2 + r. Let x be 1/1*(-1 - -3). What is the units digit of w(x)?
2
Let f = 116 - -48. What is the hundreds digit of f?
1
Suppose -2 = -5*i + 53. What is the tens digit of i?
1
Let m(a) = -a**2 + 6*a - 4. Let d be m(6). What is the tens digit of (-17)/(-34) + (-130)/d?
3
Suppose 3*p = -2*x - 10, -x - 3*p + p = 5. Let y = -2 - x. What is the tens digit of (-246)/(-18) - 2/y?
1
Suppose -4*g + 351 = -293. What is the units digit of g?
1
Let a(i) = -i**2 - 2*i. Let g be a(-3). What is the units digit of (-7)/g - 2/(-3)?
3
Suppose -8 = -5*h + 2. Suppose h*d = -0*d + 32. What is the units digit of d?
6
Let q(h) = 6*h**3 - h**3 - 3 - 12*h - 4*h**3 - 2*h**3 - 11*h**2. What is the tens digit of q(-10)?
1
Suppose -9*z = -5*z - 300. What is the units digit of z?
5
Let u be (-2)/((-2)/2 - 0). Suppose -1 = -2*j - 13. What is the units digit of (3 + -5)*j/u?
6
What is the tens digit of 240 + (-3 + 2 - 3)?
3
Let g(m) = -m**2 - 9*m - 10. Let j be g(-7). Let o(c) = 19*c + 11. Let q(k) = 9*k + 5. Let w(x) = j*o(x) - 9*q(x). What is the units digit of w(-1)?
4
Let q(j) = -j**3 - 7*j**2 - 5*j + 7. Let d be q(-6). Let p be 0 + 1 + 20 + d. Let y = p - 16. What is the units digit of y?
6
Suppose 6*s + 357 = 13*s. What is the units digit of s?
1
Suppose -5*s + 0*s = -25. Suppose z - 6*z - s = 0. Let n = z + 4. What is the units digit of n?
3
Suppose 3*f + 190 = 5*f + 3*h, -3*f + 3*h + 315 = 0. What is the hundreds digit of f?
1
Suppose -5*p - 9 = 3*f - 79, 0 = 2*p - 10. What is the units digit of 10/f*(-6)/(-4)?
1
Suppose 2*g - 106 = 4*n, 0 = 4*g + 2*n + 2*n - 176. Suppose -3*c = 19 + g. Let i = c - -32. What is the units digit of i?
0
Suppose 0*b = 3*b - 45. Suppose -3*v + 3*f = 2*f - 71, 3*f = -b. What is the tens digit of v?
2
Let x = -9 - -5. What is the units digit of ((4 + -2)*x)/(-1)?
8
What is the units digit of 20/(-70) + 144/14?
0
Let o = 8 + 2. Let d = o - 4. Let p = 9 - d. What is the units digit of p?
3
Suppose -5 = 5*m - 5*h + 5, m + 2*h = 4. Suppose -3*z - o = -88, -4*z + 5*o = -m*z - 149. What is the tens digit of z?
3
Let n = 11 + -7. Suppose 16 = n*q - 0. Let f = 12 - q. What is the units digit of f?
8
Let f(g) = g**2 - 7*g - 16. What is the tens digit of f(11)?
2
What is the units digit of (-5)/(4/18 + (-37)/126)?
0
Let g = -9 + 9. Suppose -q - 2*q + 99 = g. What is the tens digit of q?
3
Suppose 3*n = -3*n + 1044. What is the units digit of n?
4
Let z(o) = o**2 + 6*o - 6. Let k be z(-6). Let l be 2/(-2) - (k + 1). Suppose -20 = l*r - 8*r. What is the units digit of r?
5
Suppose 2 = -4*r + 10. Suppose 6*w = r*w + 4*t + 80, 5*t + 34 = 2*w. What is the tens digit of w?
2
Let y(k) = -k**3 - 8*k**2 - 8*k - 2. Let z be y(-7). Suppose 0*b - 50 = -z*b. Let w = b + 2. What is the tens digit of w?
1
Let h = 6 + -1. Suppose 0 = -2*m - 3*v + 15, h*m + 7*v - 34 = 3*v. What is the units digit of m?
6
Suppose 2*k = 5*k + 9. What is the tens digit of (-2)/3 - 38/k?
1
Suppose 3*s = -s - 344. What is the units digit of 2/(-14) - s/14?
6
Suppose -7*x = -4*x - 9. Let a = x - 1. What is the units digit of a?
2
Suppose -z - 5*i - 4 = 1, 20 = -5*i. What is the tens digit of z?
1
Suppose -19 - 53 = 2*f. Let q = 52 + f. What is the units digit of q?
6
Let c(b) = 4*b**2 + 1. Let s = 4 + -2. What is the tens digit of c(s)?
1
Let m = 484 + -130. What is the tens digit of m?
5
Let n be (-648)/(-64) - (-1)/(-8). Let h be (-2)/(-1*2/2). What is the units digit of (5/(n/4))/h?
1
Let y(p) = 6 - 11 + 2*p - 10. What is the tens digit of y(13)?
1
Let u(r) = -r**3 + 4*r**2 + 7*r + 3. What is the units d